ulate 4 + (-1 - -1) + (4 - 13).
-5
What is the value of 10 + -4 + (6 - 4) - 7?
1
Evaluate 4 + 0 - (7 + -2).
-1
Calculate -1 + -4 + (34 - 31).
-2
What is the value of -5 - (8 - (8 + -8 + 14))?
1
What is the value of -11 + -1 + 9 + -8 + 5?
-6
Calculate (1 - (-3 + -3 + 6)) + 0.
1
What is (-4 - (-1 + 3)) + -17 + 19?
-4
Calculate (-11 - 1) + (9 - -14).
11
Calculate 0 + (11 - 4) + -10.
-3
What is 4 + 5 + 1 + -5?
5
What is the value of 13 + (4 - 9) + -5?
3
Calculate -1 + 3 + (3 - (4 + -4)).
5
What is 11 - ((4 - -4) + -2)?
5
What is the value of 3 + -1 + 1 + -1?
2
(-3 - (0 - 3)) + 4
4
What is the value of 4 + -4 - -2 - (4 + -12)?
10
(-1 - -7) + 1 + (11 - 15)
3
9 - ((7 - -1) + -3)
4
What is the value of 14 + -8 + 6 + -3?
9
Evaluate 15 + (2 - 4) - (2 - -1).
10
What is -2 + -2 + -7 + 10?
-1
Evaluate -2 + (-4 - -10) - 2.
2
What is (1 - 3) + 7 + (6 - 12)?
-1
Calculate 3 + (11 - 7) + -6.
1
What is -1 - (-2 + 10 + -6)?
-3
(-4 - (0 - 1)) + 4
1
11 + -10 + -2 - -8
7
6 + -4 - (2 - 7)
7
Calculate 1 + -3 + (-1 - -1) + -3.
-5
3 - -3 - 4 - (1 - -1)
0
What is 4 - (-2 + -1 - (-10 - -8))?
5
What is the value of 15 + -24 + (4 - 2)?
-7
What is the value of -6 + (8 - (-2 - 0 - -5))?
-1
What is 1 - (3 - (-2 - -8))?
4
(-8 + 5 - -5) + -3
-1
What is the value of -1 - 1 - (-15 - -18)?
-5
-3 - (1 + 2 + (-10 - -4))
0
Calculate 6 - ((0 - -15) + -9 + 4).
-4
What is -2 - ((-10 - -11) + 2)?
-5
Evaluate 6 - ((12 - 4) + -11).
9
-1 + 2 - (-8 + 1 - -11)
-3
What is -4 - (-14 - (-3 - 3))?
4
What is 0 - 1 - 2 - -6 - 2?
1
What is 0 + -4 + 1 + (1 - 2)?
-4
What is 11 + (-2 + -8 - 1)?
0
Calculate -1 - -1 - (-5 - (-8 + 6)).
3
What is 1 + (-3 - -6) + 0?
4
What is 2 - -2 - (-16 - -25)?
-5
What is 3 + 0 + (15 - (5 + 10))?
3
What is the value of 1 + (7 - 11) + 3?
0
What is the value of 0 - 1 - (-93 + 97)?
-5
What is (-5 - -2) + (3 - -2)?
2
What is -5 - (-8 - ((3 - -2) + 2))?
10
Calculate 0 + (4 - 0) - (3 - -1).
0
Evaluate 9 + (-9 - (3 - 5)).
2
-24 + 8 + -2 - (15 - 23)
-10
What is -4 + 0 - (3 + 0 - 4)?
-3
What is -3 - 2 - (-5 - 0 - -3)?
-3
Calculate (-2 + -1 - 3) + -2 + 5.
-3
What is -2 - (-7 - (0 - 7))?
-2
Evaluate -2 - ((1 - -9) + (21 - 28)).
-5
Calculate (2 - 1) + (1 - 9 - -14).
7
Evaluate 4 + 1 - ((-4 - 1) + 4).
6
Calculate 3 - (-2 + (9 - 0) + -1).
-3
Calculate -1 + (-3 - 0 - (-6 - 3)).
5
What is the value of (0 + 0 - -5) + -5?
0
Evaluate -6 - (2 - (8 + 0)).
0
Evaluate 5 + -3 + 2 + 1.
5
Calculate 11 - (-42 + 52 - (5 - -1)).
7
Evaluate -2 + 1 - (0 + 0 + -5).
4
Calculate 16 + -5 - 15 - -1.
-3
Evaluate -4 + -1 + 9 + -1.
3
Calculate 7 + (-6 - -1) + (6 - 1).
7
What is (8 - 5) + (4 - -2) + -5?
4
Evaluate -4 + (-4 - -11 - 3).
0
4 + (4 + -3 - 7) + 7
5
-21 + 9 - (0 - 21)
9
(-4 - (5 + -2)) + 3
-4
What is the value of 5 + (-3 + 7 - (4 + 0))?
5
Evaluate 2 + 5 - ((-4 - -9) + -3).
5
-2 + -1 - (-9 - -9)
-3
What is the value of (-3 - 0) + 1 - (-2 + 0)?
0
Calculate (-8 + 13 - -1) + -6 - -1.
1
Evaluate -2 + (4 - 2) + -3 - -4.
1
What is -2 + -2 + (8 - (8 - 4))?
0
What is the value of -7 + 0 - (-2 - (-1 - -2))?
-4
Evaluate -1 + (-2 - (4 + -5)).
-2
Evaluate -5 - (3 + (-3 - 0)).
-5
What is the value of 7 - (-7 + 9 + (8 - 11))?
8
Calculate (3 + -2 - (-10 + 12)) + 6.
5
What is -26 - -40 - (8 + -2)?
8
-3 + (0 - (-5 - 4)) - 10
-4
What is 5 + (16 - (4 + 8))?
9
What is 5 + -3 + (4 - (-1 + 2))?
5
(4 - -2) + -5 - -4
5
What is -4 + (-4 - 0 - -12) - 3?
1
-8 - (-13 + 6) - (5 + 0)
-6
What is the value of 4 - (8 + (-1 - 3))?
0
Calculate 1 + (0 - 4) - (-9 - -8).
-2
What is 19 + -15 - (-1 + 0) - 3?
2
What is 5 + 8 + -8 + -6?
-1
What is the value of 2 + -5 - (0 - (0 + 8))?
5
What is the value of (8 - 4) + (-2 - 10)?
-8
What is -3 - (5 - (8 + -6) - 5)?
-1
-4 - 6 - -4 - (1 + -5)
-2
Evaluate (9 + -2 - -2) + -8.
1
Evaluate (4 - ((7 - 3) + 1)) + 5.
4
(-36 - -35) + -6 + -3 + 3
-7
What is the value of -10 - (-3 + -9) - (1 + 3)?
-2
Evaluate 0 + -3 - -8 - (-35 + 29).
11
(-1 - -2) + -8 + -1 + 3
-5
Evaluate -24 + 19 + (-3 - (-10 - -1)).
1
Calculate 2 + (2 + 2 - 2).
4
(0 - -3) + (6 + -6 - 0)
3
5 + (2 - 0) - 5
2
What is 17 - 14 - (-2 + 2)?
3
What is (-4 - -2) + 3 - 4?
-3
What is the value of 2 + -3 - (4 - (5 - -2))?
2
Evaluate 2 - (7 - (0 + 1) - 10).
6
What is the value of -6 + -2 + 1 + 5?
-2
Calculate -4 + 4 + (-10 - -5).
-5
What is the value of (6 - 12) + 3 - (-4 - 0)?
1
What is 1 - ((-2 - (1 - 4)) + 3)?
-3
Evaluate 4 + 0 + -1 + -3 - 1.
-1
0 - ((-23 - -19) + 0 + 1)
3
0 + (4 - 7) + -1 + 8
4
Evaluate -1 + (5 - 7) + -1 + 0.
-4
Calculate (2 - 0) + -2 - 3.
-3
What is the value of 3 + (-9 - -4) + -1 - -3?
0
What is -1 - (-5 + -2 + 4)?
2
Calculate 2 - 4 - (-16 + 13).
1
What is 2 + (-4 + 0 - -3 - -4)?
5
Calculate 3 + (-5 - (4 - 6)).
0
Calculate -3 + (2 - 6 - -3).
-4
What is the value of 2 - 3 - (10 + -8 + -1)?
-2
Calculate -1 + 1 - (2 + 0 + -5).
3
Evaluate 10 + (-9 + 5 - 1).
5
What is -10 + 1 + (-1 - -6)?
-4
What is the value of 5 - (-1 - (-5 + 4))?
5
(0 - (-6 - -4)) + -8
-6
6 + (-5 - 1) + (2 - -2)
4
What is the value of (-4 - -1 - 1) + 6?
2
Calculate -4 + 2 + (-7 - (-3 + -1)).
-5
What is 0 + 12 + 1 + -9?
4
What is the value of -7 + (9 - (0 - 2))?
4
What is the value of -5 + (5 + -5 - -1)?
-4
7 + -2 - (-1 - -10)
-4
Calculate 74 - 71 - (6 + 0).
-3
Evaluate 16 + -16 - (6 + -1 + 2).
-7
What is -5 - -12 - (-12 - -17)?
2
What is the value of -4 + 1 + -3 + 5 - -1?
0
9 - (21 + -11) - (0 - 2)
1
Calculate 4 - (2 - (3 + -4)) - 4.
-3
What is the value of 10 - (0 - -7) - -7?
10
What is 4 - (-5 + 6 - (-3 - -1))?
1
Calculate (-3 - (-8 + 5 + -4)) + 3.
7
Calculate 15 + -8 - (-3 + 7).
3
What is the value of -3 + (6 - -2 - 5) + -2?
-2
Evaluate 2 + 10 + (-15 - -6).
3
What is 3 - (10 - (15 - 4))?
4
What is the value of 0 + -3 - (-19 - -18) - -1?
-1
What is the value of -2 - (2 - 3) - -7?
6
What is 0 - (0 + 2) - (-3 - 0)?
1
What is (6 - -4 - 0) + -6?
4
What is the value of -1 + 6 + -4 + 3?
4
(0 - (2 - 6)) + -1
3
(-6 - -5) + 6 + -10
-5
What is (0 - (1 - 4)) + -2?
1
Evaluate -1 + (-4 - -1) + 1.
-3
Evaluate 9 + -6 - 2 - 2.
-1
What is the value of -21 - -16 - (0 + 1)?
-6
What is -4 - (-4 + 5 + -2 + 1)?
-4
What is the value of (1 - (-5 - -6)) + -3?
-3
Calculate 1 + -1 - (1 + -1).
0
Evaluate -4 + 16 + -13 + 10.
9
Evaluate -5 + (3 - (10 - 9)).
-3
What is 18 + (-14 - -4) - 11?
-3
Calculate (10 - 21) + 0 - -4.
-7
Evaluate 12 + -18 + 1 + 1.
-4
1 + -5 - (-6 - (-2 + 1))
1
Evaluate 4 + (8 - 9 - (-1 + 8)).
-4
What is 0 + (3 - 6) + 5?
2
Calculate -10 + 17 - (10 + 0).
-3
What is -8 - (6 - (0 - -10))?
-4
What is -63 - -78 - (11 + -1)?
5
(0 - 1 - 4) + 2
-3
What is the value of -3 + (-4 - (3 - 17))?
7
What is -6 + (5 - -1 - (12 + -11))?
-1
0 - (9 + -5 + (5 - 1))
-8
What is the value of 16 + -16 + 0 + 1?
1
What is 2 + (3 - 5) + 4 + 2?
6
5 + -5 + -1 + 2 - -3
4
Evaluate 0 + 0 + -2 + 6.
4
What is the value of (-2 + (3 - -5) - 14) + 9?
1
Calculate (-8 - 0) + (9 - 2).
-1
Calculate 7 - ((4 - 10) + 8).
5
What is -4 - (6 - -2) - -7?
-5
What is the value of (-10 + 7 - -6) + 1 + 1?
5
8 - (3 + 8 - 0)
-3
What is (9 - 11) + (7 - (2 - 0))?
3
What is (-3 - (-4 - -5 - 1)) + 9?
6
Evaluate -5 - -2 - (3 + (3 - 8)).
-1
What is -6 + -1 - (-15 + 0)?
8
What is the value of 4 + (0 - 3) + 2?
3
(-4 - -15) + -4 + -10
-3
What is -10 + -5 - (-3 - 7)?
-5
What is the value of 12 - -5 - (23 + -11)?
5
Calculate 2 - ((1 - 4) + 0 - 1).
6
-8 + (4 - -3) - 3
-4
Calculate 5 + (-1 - 3) - (0 - -6).
-5
Calculate 8 - (11 + (-22 - -10)).
9
7 - (2 + (-1 - -2))
4
-2 - (-8 + 1 + -1)
6
What is the value of 21 + -13 - (0 + 1 + 2)?
5
Evaluate 12 + (-19 - -6) + -7.
-8
What is (8 - 19) + (1 - -2)?
-8
What is the value of (-2 - -1) + 0 - -5 - 2?
2
What is -3 - 3 - -4 - 0?
-2
(0 - 4 - -8) + (1 - 10)
-5
What is 169 + -161 + (1 - 1)?
8
23 + -17 + 0 + 2 + -3
5
Evaluate (-5 - (-1 - 5)) + (1 - 1).
1
What is -5 + 9 - 5 - (-2 + -1)?
2
9 - (20 - 10 - 6)
5
Evaluate (-4 - -7) + (0 - 1).
2
What is -1 - ((-2 - 1) + -1)?
3
Evaluate 15 + -15 + -6 + (1 - 2).
-7
Evaluate -3 + -5 - -7 - (-1 + -1).
1
(-2 + 11 - 1) + -1 + 1
8
Calculate (-2 - -7) + 31 + -31.
5
What is 10 + -6 - (-1 - 1)?
6
Evaluate -5 - -1 - (9 - 13).
0
2 + 5 + -7 + 0 + 5
5
-7 - (-4 + -4 - 1)
2
Evaluate (-2 - (-4 + 1)) + (1 - 2).
0
(-12 - -2 - -7) + -2
-5
What is (-10 - -8) + (0 - -8)?
6
Evaluate 8 + (-7 - -10) + -13.
-2
What is the value of (1 - (2 + -3)) + -3 + 0?
-1
What is -2 + -14 + -23 